+ -3)*(-4)/6. Calculate the greatest common divisor of u and z.
12
Let g = -98 - -274. Calculate the greatest common divisor of g and 11.
11
Suppose -2*h = 3*h - 20. Suppose -j + 262 = 2*d + 65, -112 = -d + h*j. Calculate the highest common factor of 40 and d.
20
Let g(u) = -2*u - 3 + 2 + 9*u**2 + u. Let j be g(-1). What is the greatest common factor of j and 45?
9
Suppose -102 = -4*z - 2*d, -3*z - 3*d = -7*d - 104. Let j be ((-63)/(-12))/((-1)/(8*-1)). Calculate the greatest common divisor of j and z.
14
Let w = 20 + 40. Calculate the greatest common divisor of w and 150.
30
Let r = 708 + -578. Suppose 2*u - 5*f = 27, -2*u + 41 = -u + 3*f. What is the greatest common divisor of r and u?
26
Let o = 18 + -4. Suppose -3*x - o + 113 = 0. Calculate the highest common factor of x and 3.
3
Suppose -3 = 2*b - 15. Let i(h) = 8 - 4*h**2 - h + b*h**3 - 7*h**3 + 11*h**2. Let q be i(7). Calculate the highest common factor of 7 and q.
1
Suppose 3*r - 8*r + 600 = 0. Suppose -j = -3*j + r. Calculate the highest common divisor of 15 and j.
15
Let t(m) = -m**3 - 13*m**2 + 2*m + 19. Let d be t(-13). Let u = d - -8. Calculate the highest common factor of 2 and u.
1
Let j be (-2)/(-2)*-2*21/(-2). What is the greatest common divisor of j and 105?
21
Let i(f) = 4*f - 11. Let t be i(14). What is the greatest common factor of t and 15?
15
Let o = -3 + 1. Let i be 58/6 + o/(-6). Suppose 3*l - 43 = 17. What is the highest common factor of i and l?
10
Let i = -1 + 3. Let u(n) = 17*n**3 + n**2 - 1. Let x be u(1). Let g = x + 3. Calculate the highest common divisor of i and g.
2
Let i(y) = -y**2 - 24*y + 57. Let d be i(-25). Calculate the greatest common factor of 16 and d.
16
Suppose 0 = -0*r + 2*r - 18. Suppose 0 = -14*h - 2*h + 1584. What is the highest common factor of h and r?
9
Let w = -5 - -15. Let x be 4/3 - w/(-15). Let y be (-2 - x)*1/(-2). Calculate the highest common divisor of 14 and y.
2
Let b(y) = -5 + 1 - 3 + 14*y. Let a be b(3). Calculate the greatest common factor of a and 14.
7
Suppose 5*s + 3*y = y + 27, -2*s - 3*y = -13. Let u = s - 2. Suppose -u*k = 2*r - 74, -4*k + 22 = r - 75. Calculate the greatest common factor of 3 and k.
3
Let w = -5 - 2. Let z(g) = 3*g - 2*g + 1 - 6*g. Let b be z(w). Calculate the greatest common factor of b and 12.
12
Let v = 216 - 104. Suppose 17 - 115 = -7*u. What is the greatest common divisor of v and u?
14
Let m = -9 - -13. Let t be (2 - (-3 + -4)) + 1. Calculate the greatest common factor of m and t.
2
Suppose -91 = -5*y + 9. What is the greatest common divisor of y and 4?
4
Let x = 32 + 199. Let p = x + -24. What is the highest common divisor of p and 23?
23
Suppose 4*n - 4*b = 101 + 139, -3*n = 5*b - 180. Calculate the greatest common factor of n and 15.
15
Suppose -z - 8 = -5*u, -2*u + 3*z + 11 + 0 = 0. Let l be -1*(u - -1 - 4). Let i be 7 - (-1 + l) - -2. What is the greatest common factor of i and 24?
8
Let q be ((-54)/30)/((-1)/5). Calculate the greatest common factor of q and 27.
9
Suppose 0 = -3*s - 2*v + v - 41, 5*v = -2*s - 49. Let a(p) = -3*p - 18. Let x be a(s). Calculate the highest common divisor of x and 126.
18
Let r(v) = 4*v - 8. Let h be r(6). Let z = 1 + 0. Let o(c) = 80*c. Let q be o(z). What is the greatest common divisor of q and h?
16
Let d(i) = i**2 + 5*i - 9. Let r be d(-7). Suppose -5*t + 3*j + 119 = 0, -t + 2*j - 3 = -24. Let z = t - 0. Calculate the greatest common divisor of r and z.
5
Let f = 4 - 2. Let n = f - -1. Suppose -2*i + i + 9 = 2*u, i + n*u = 11. Calculate the highest common divisor of i and 40.
5
Let l(k) = k**2 - k**3 + 4 - 6 + 0*k**2. Let m be l(2). Let y(q) = -4*q - 3. Let o be y(m). Calculate the highest common divisor of o and 189.
21
Let h = 17 + -7. Suppose -25 = -k - 5*g, -5*g + h = -0*g. Let n be ((-12)/k)/(2/(-35)). What is the greatest common divisor of 98 and n?
14
Let o be (2/(-6))/((-2)/6). Let d = 7 + o. Let r be (-59)/(-3) + 1/3. Calculate the greatest common divisor of r and d.
4
Let p = -50 - -74. What is the highest common divisor of 264 and p?
24
Suppose z - 72 = -y, 3*y - 2*y = z - 68. Let q = -9 - -19. Calculate the greatest common factor of q and z.
10
Suppose -3*n - 4 = -2*n, 3*j - 114 = 3*n. Let x(y) = -10*y**2 - y - 1. Let o be x(-1). Let c be 338/4 - 5/o. Calculate the greatest common factor of j and c.
17
Let i(t) = t**2 + 3*t - 6. Let l be i(-5). Suppose l*r + 0 = 64. Suppose 10*q + 15 = 55. What is the highest common factor of r and q?
4
Let t be (-2)/6*2*-3. Suppose -2*w + 14 = t*z + w, -w = -2*z + 30. Let n be (2/2)/1*z. Calculate the greatest common divisor of 65 and n.
13
Let s = 141 - 63. What is the highest common factor of 6 and s?
6
Let k = 68 + -48. Let f(r) = -r**2 - 2*r + 50. Let g be f(0). What is the highest common divisor of g and k?
10
Suppose 2*a = 2*y + 234 + 168, -2*y + 984 = 5*a. Calculate the highest common divisor of a and 22.
22
Suppose 0 = 3*s - 0*s - 27. Let q = -107 + 229. Suppose q = 3*z - 67. Calculate the greatest common divisor of z and s.
9
Let x(q) = q**2 - 4*q + 5. Let z be x(4). Let v = -3 + z. Suppose v*i = k - 2*i - 75, 4*i + 20 = 0. Calculate the highest common factor of 5 and k.
5
Let z = 7 - -5. Let v = 27 - z. Suppose -3*h + 5*o = -5*h + 50, -5*h + 4*o = -158. What is the greatest common divisor of v and h?
15
Let v = -3 + 1. Let i be (3/v)/((-1)/8). Suppose -2*y + 70 = s, -3*s - 4*y + 220 = 20. Calculate the greatest common divisor of s and i.
12
Let o = -8 - -11. Calculate the highest common divisor of o and 3.
3
Suppose -16*j = -5*j - 594. Calculate the highest common divisor of j and 90.
18
Let c(m) = m**3 + m**2 + 4. Let i be c(5). Let u be -2*(63/(-6) + -2). Let g be (-2)/5 + 360/u. Calculate the greatest common divisor of i and g.
14
Let c = -264 - -187. Let b = 132 + c. What is the highest common divisor of 22 and b?
11
Suppose 0*n - 3*n = 0. Suppose n = 4*c - 3*c - 10. Calculate the greatest common divisor of 20 and c.
10
Suppose 32 = 2*x - 2*h, -4*x = -0*h - 3*h - 63. Let v(o) = 3*o + 10. Let g be v(0). What is the highest common factor of x and g?
5
Let c = -113 + 131. What is the greatest common divisor of c and 288?
18
Suppose -5*z = -0*b + 3*b - 46, 4*b - 3*z = 13. Calculate the greatest common factor of b and 63.
7
Suppose -5*y + 33 = -2*l, 2*l + 27 = 3*y - l. Suppose -y*o + 126 = -2*k, 5 = -k + 2. What is the greatest common divisor of 3 and o?
3
Let s(u) = -22*u - 2. Suppose -l - 5 = -3. Let b be s(l). Let y be b + 1 - (-2 - 0). Calculate the highest common factor of 18 and y.
9
Let g = 2 - -28. What is the greatest common factor of 30 and g?
30
Let j(g) = -7*g**2 - 11*g + 3*g + 0*g + 3 - g**3. Let y be j(-6). What is the greatest common factor of y and 60?
15
Let t(m) be the third derivative of m**6/40 - m**5/15 + m**3/3 - m**2. Let s be t(-3). Let g = 192 + s. Calculate the greatest common factor of g and 7.
7
Suppose z = 19 + 20. Let m be (39/6)/(1/2). Calculate the highest common divisor of m and z.
13
Let m(x) = 6*x + 27. Let f be m(12). Calculate the highest common divisor of 11 and f.
11
Let a(d) = d**3 + 11*d**2 - 11*d + 6. Let w be a(-12). Let q(k) = k**2 + 5*k - 2. Let m be q(w). Calculate the highest common factor of m and 8.
4
Suppose -k = k. Let o = 4 + k. Suppose -5*s + 48 = 4*w, 0*w + o = 2*w. What is the greatest common divisor of s and 12?
4
Suppose 6*q = q - 120. Let c be q/20*(-30)/4. Suppose u + 180 = 6*u. Calculate the highest common factor of c and u.
9
Let w be 1 + 5 + -1 + -1. Suppose -4 - 11 = -3*v. Suppose -v*g = -2*g - 3. What is the greatest common divisor of w and g?
1
Suppose -o - 4 = 0, -48 = -4*j + 2*o - o. What is the greatest common factor of j and 77?
11
Suppose -3*z + 2 = 29. Let a be 12/z*(-9)/6. Suppose -a*d = -2*s + 34, -3*d + 7 = 2*s - 32. What is the greatest common divisor of 12 and s?
6
Suppose 54 = 3*p + 6. Suppose 2*v + p = 3*c, 2*c - v - 18 = -2*c. Calculate the highest common factor of 4 and c.
4
Suppose -4*y + 202 = -6. What is the greatest common divisor of y and 4?
4
Suppose x + 70 = 3*a + 262, 5*a = -4*x + 802. Calculate the greatest common factor of x and 22.
22
Suppose -4*h - h = -90. Let g be -14 - (1 - 3 - -4). Let p = g - -28. Calculate the greatest common factor of h and p.
6
Let i(b) = 2*b**2 - b**2 + 6 + 4*b - 7*b. Let t be i(4). Wh